[INFO] cloning repository https://github.com/booyaa/hello-spidermonkey
[INFO] running `Command { std: "git" "-c" "credential.helper=" "-c" "credential.helper=/workspace/cargo-home/bin/git-credential-null" "clone" "--bare" "https://github.com/booyaa/hello-spidermonkey" "/workspace/cache/git-repos/https%3A%2F%2Fgithub.com%2Fbooyaa%2Fhello-spidermonkey", kill_on_drop: false }`
[INFO] [stderr] Cloning into bare repository '/workspace/cache/git-repos/https%3A%2F%2Fgithub.com%2Fbooyaa%2Fhello-spidermonkey'...
[INFO] running `Command { std: "git" "rev-parse" "HEAD", kill_on_drop: false }`
[INFO] [stdout] 49e2acf49dfc1f146b0f92ab5671cb6d46844fc1
[INFO] building booyaa/hello-spidermonkey against master#ff34b919075f35a1787659e9c448a34b06bab8de for issue-85264
[INFO] running `Command { std: "git" "clone" "/workspace/cache/git-repos/https%3A%2F%2Fgithub.com%2Fbooyaa%2Fhello-spidermonkey" "/workspace/builds/worker-13/source", kill_on_drop: false }`
[INFO] [stderr] Cloning into '/workspace/builds/worker-13/source'...
[INFO] [stderr] done.
[INFO] validating manifest of git repo https://github.com/booyaa/hello-spidermonkey on toolchain ff34b919075f35a1787659e9c448a34b06bab8de
[INFO] running `Command { std: "/workspace/cargo-home/bin/cargo" "+ff34b919075f35a1787659e9c448a34b06bab8de" "metadata" "--manifest-path" "Cargo.toml" "--no-deps", kill_on_drop: false }`
[INFO] started tweaking git repo https://github.com/booyaa/hello-spidermonkey
[INFO] finished tweaking git repo https://github.com/booyaa/hello-spidermonkey
[INFO] tweaked toml for git repo https://github.com/booyaa/hello-spidermonkey written to /workspace/builds/worker-13/source/Cargo.toml
[INFO] crate git repo https://github.com/booyaa/hello-spidermonkey already has a lockfile, it will not be regenerated
[INFO] running `Command { std: "/workspace/cargo-home/bin/cargo" "+ff34b919075f35a1787659e9c448a34b06bab8de" "fetch" "--manifest-path" "Cargo.toml", kill_on_drop: false }`
[INFO] [stderr]     Blocking waiting for file lock on package cache
[INFO] [stderr]     Blocking waiting for file lock on package cache
[INFO] running `Command { std: "docker" "create" "-v" "/var/lib/crater-agent-workspace/builds/worker-13/target:/opt/rustwide/target:rw,Z" "-v" "/var/lib/crater-agent-workspace/builds/worker-13/source:/opt/rustwide/workdir:ro,Z" "-v" "/var/lib/crater-agent-workspace/cargo-home:/opt/rustwide/cargo-home:ro,Z" "-v" "/var/lib/crater-agent-workspace/rustup-home:/opt/rustwide/rustup-home:ro,Z" "-e" "SOURCE_DIR=/opt/rustwide/workdir" "-e" "CARGO_TARGET_DIR=/opt/rustwide/target" "-e" "CARGO_HOME=/opt/rustwide/cargo-home" "-e" "RUSTUP_HOME=/opt/rustwide/rustup-home" "-w" "/opt/rustwide/workdir" "-m" "1610612736" "--user" "0:0" "--network" "none" "ghcr.io/rust-lang/crates-build-env/linux@sha256:20528e8c29e4536546f0102ce88568b16ea7538393a33fcca951030f7af10457" "/opt/rustwide/cargo-home/bin/cargo" "+ff34b919075f35a1787659e9c448a34b06bab8de" "metadata" "--no-deps" "--format-version=1", kill_on_drop: false }`
[INFO] [stdout] 59d43a4da68fd5a18772accc568c398bc54c87c28a36b7ded245fe1956eba8aa
[INFO] [stderr] WARNING: Your kernel does not support swap limit capabilities or the cgroup is not mounted. Memory limited without swap.
[INFO] running `Command { std: "docker" "start" "-a" "59d43a4da68fd5a18772accc568c398bc54c87c28a36b7ded245fe1956eba8aa", kill_on_drop: false }`
[INFO] running `Command { std: "docker" "inspect" "59d43a4da68fd5a18772accc568c398bc54c87c28a36b7ded245fe1956eba8aa", kill_on_drop: false }`
[INFO] running `Command { std: "docker" "rm" "-f" "59d43a4da68fd5a18772accc568c398bc54c87c28a36b7ded245fe1956eba8aa", kill_on_drop: false }`
[INFO] [stdout] 59d43a4da68fd5a18772accc568c398bc54c87c28a36b7ded245fe1956eba8aa
[INFO] running `Command { std: "docker" "create" "-v" "/var/lib/crater-agent-workspace/builds/worker-13/target:/opt/rustwide/target:rw,Z" "-v" "/var/lib/crater-agent-workspace/builds/worker-13/source:/opt/rustwide/workdir:ro,Z" "-v" "/var/lib/crater-agent-workspace/cargo-home:/opt/rustwide/cargo-home:ro,Z" "-v" "/var/lib/crater-agent-workspace/rustup-home:/opt/rustwide/rustup-home:ro,Z" "-e" "SOURCE_DIR=/opt/rustwide/workdir" "-e" "CARGO_TARGET_DIR=/opt/rustwide/target" "-e" "CARGO_INCREMENTAL=0" "-e" "RUST_BACKTRACE=full" "-e" "RUSTFLAGS=--cap-lints=forbid" "-e" "CARGO_HOME=/opt/rustwide/cargo-home" "-e" "RUSTUP_HOME=/opt/rustwide/rustup-home" "-w" "/opt/rustwide/workdir" "-m" "1610612736" "--user" "0:0" "--network" "none" "ghcr.io/rust-lang/crates-build-env/linux@sha256:20528e8c29e4536546f0102ce88568b16ea7538393a33fcca951030f7af10457" "/opt/rustwide/cargo-home/bin/cargo" "+ff34b919075f35a1787659e9c448a34b06bab8de" "build" "--frozen" "--message-format=json", kill_on_drop: false }`
[INFO] [stdout] 4f9a2ed497fb859c67e346775474c11377d93d8db28d4b4e3a9826b0759bf39d
[INFO] [stderr] WARNING: Your kernel does not support swap limit capabilities or the cgroup is not mounted. Memory limited without swap.
[INFO] running `Command { std: "docker" "start" "-a" "4f9a2ed497fb859c67e346775474c11377d93d8db28d4b4e3a9826b0759bf39d", kill_on_drop: false }`
[INFO] [stderr]    Compiling mozjs_sys v0.0.0 (https://github.com/servo/mozjs#834ce35c)
[INFO] [stderr]    Compiling heapsize v0.4.1
[INFO] [stderr]    Compiling cmake v0.1.24
[INFO] [stderr]    Compiling libz-sys v1.0.16
[INFO] [stderr]    Compiling js v0.1.6 (https://github.com/servo/rust-mozjs#3de4ff3d)
[INFO] [stderr] error: failed to run custom build command for `mozjs_sys v0.0.0 (https://github.com/servo/mozjs#834ce35c)`
[INFO] [stderr] 
[INFO] [stderr] Caused by:
[INFO] [stderr]   process didn't exit successfully: `/opt/rustwide/target/debug/build/mozjs_sys-da7de879d5c3bfef/build-script-build` (exit status: 101)
[INFO] [stderr]   --- stdout
[INFO] [stderr]   [[ /opt/rustwide/cargo-home/git/checkouts/mozjs-fa11ffc7d4f1cc2d/834ce35/mozjs/js/src/configure -ot /opt/rustwide/cargo-home/git/checkouts/mozjs-fa11ffc7d4f1cc2d/834ce35/mozjs/js/src/configure.in ]] && touch /opt/rustwide/cargo-home/git/checkouts/mozjs-fa11ffc7d4f1cc2d/834ce35/mozjs/js/src/configure || true
[INFO] [stderr]   [[ /opt/rustwide/cargo-home/git/checkouts/mozjs-fa11ffc7d4f1cc2d/834ce35/mozjs/js/src/old-configure -ot /opt/rustwide/cargo-home/git/checkouts/mozjs-fa11ffc7d4f1cc2d/834ce35/mozjs/js/src/old-configure.in ]] && touch /opt/rustwide/cargo-home/git/checkouts/mozjs-fa11ffc7d4f1cc2d/834ce35/mozjs/js/src/old-configure || true
[INFO] [stderr]   ! [[ /opt/rustwide/cargo-home/git/checkouts/mozjs-fa11ffc7d4f1cc2d/834ce35/mozjs/js/src/configure.in -ot /opt/rustwide/cargo-home/git/checkouts/mozjs-fa11ffc7d4f1cc2d/834ce35/mozjs/js/src/configure ]] && touch /opt/rustwide/cargo-home/git/checkouts/mozjs-fa11ffc7d4f1cc2d/834ce35/mozjs/js/src/configure || true
[INFO] [stderr]   ! [[ /opt/rustwide/cargo-home/git/checkouts/mozjs-fa11ffc7d4f1cc2d/834ce35/mozjs/js/src/old-configure.in -ot /opt/rustwide/cargo-home/git/checkouts/mozjs-fa11ffc7d4f1cc2d/834ce35/mozjs/js/src/old-configure ]] && touch /opt/rustwide/cargo-home/git/checkouts/mozjs-fa11ffc7d4f1cc2d/834ce35/mozjs/js/src/old-configure || true
[INFO] [stderr]   if [[ /opt/rustwide/cargo-home/git/checkouts/mozjs-fa11ffc7d4f1cc2d/834ce35/mozjs/js/src/configure -nt /opt/rustwide/target/debug/build/mozjs_sys-299664792cba0285/out/config.status ]] ; then \
[INFO] [stderr]     cd /opt/rustwide/target/debug/build/mozjs_sys-299664792cba0285/out && \
[INFO] [stderr]     PYTHON="python" MOZ_TOOLS="" \
[INFO] [stderr]     CC="gcc" CPP="gcc -E" CXX="g++" AR="ar" \
[INFO] [stderr]     /opt/rustwide/cargo-home/git/checkouts/mozjs-fa11ffc7d4f1cc2d/834ce35/mozjs/js/src/configure --disable-jemalloc --disable-js-shell --disable-tests --build-backends=RecursiveMake --disable-shared-js || (cat config.log && exit 1) ; \
[INFO] [stderr]   fi
[INFO] [stderr]   Creating Python environment
[INFO] [stderr]   New python executable in /opt/rustwide/target/debug/build/mozjs_sys-299664792cba0285/out/_virtualenv/bin/python
[INFO] [stderr]   Installing setuptools, pip, wheel...done.
[INFO] [stderr]   running build_ext
[INFO] [stderr]   building 'psutil._psutil_linux' extension
[INFO] [stderr]   creating build
[INFO] [stderr]   error: could not create 'build': Read-only file system
[INFO] [stderr] 
[INFO] [stderr]   Error processing command. Ignoring because optional. (optional:setup.py:python/psutil:build_ext:--inplace)
[INFO] [stderr]   Reexecuting in the virtualenv
[INFO] [stderr]   checking for a shell... /usr/bin/sh
[INFO] [stderr]   checking for host system type... x86_64-pc-linux-gnu
[INFO] [stderr]   checking for target system type... x86_64-pc-linux-gnu
[INFO] [stderr]   checking for the Android toolchain directory... not found
[INFO] [stderr]   checking whether cross compiling... no
[INFO] [stderr]   checking for pkg_config... /usr/bin/pkg-config
[INFO] [stderr]   checking for pkg-config version... 0.29.1
[INFO] [stderr]   checking for yasm... not found
[INFO] [stderr]   checking for the target C compiler... /usr/bin/gcc
[INFO] [stderr]   checking whether the target C compiler can be used... yes
[INFO] [stderr]   checking the target C compiler version... 9.3.0
[INFO] [stderr]   checking for the target C++ compiler... /usr/bin/g++
[INFO] [stderr]   checking whether the target C++ compiler can be used... yes
[INFO] [stderr]   checking the target C++ compiler version... 9.3.0
[INFO] [stderr]   checking for the host C compiler... /usr/bin/gcc
[INFO] [stderr]   checking whether the host C compiler can be used... yes
[INFO] [stderr]   checking the host C compiler version... 9.3.0
[INFO] [stderr]   checking for the host C++ compiler... /usr/bin/g++
[INFO] [stderr]   checking whether the host C++ compiler can be used... yes
[INFO] [stderr]   checking the host C++ compiler version... 9.3.0
[INFO] [stderr]   checking for rustc... /opt/rustwide/cargo-home/bin/rustc
[INFO] [stderr]   checking rustc version... 1.54.0-nightly
[INFO] [stderr]   checking for awk... /usr/bin/mawk
[INFO] [stderr]   checking for perl... /usr/bin/perl
[INFO] [stderr]   checking for minimum required perl version >= 5.006... 5.030000
[INFO] [stderr]   checking for full perl installation... yes
[INFO] [stderr]   checking for doxygen... not found
[INFO] [stderr]   checking for xargs... /usr/bin/xargs
[INFO] [stderr]   checking for rpmbuild... not found
[INFO] [stderr]   checking for autoconf... no
[INFO] [stderr]   creating cache ./config.cache
[INFO] [stderr]   checking host system type... x86_64-pc-linux-gnu
[INFO] [stderr]   checking target system type... x86_64-pc-linux-gnu
[INFO] [stderr]   checking build system type... x86_64-pc-linux-gnu
[INFO] [stderr]   checking for gcc... /usr/bin/gcc -std=gnu99
[INFO] [stderr]   checking whether the C compiler (/usr/bin/gcc -std=gnu99  ) works... yes
[INFO] [stderr]   checking whether the C compiler (/usr/bin/gcc -std=gnu99  ) is a cross-compiler... no
[INFO] [stderr]   checking whether we are using GNU C... yes
[INFO] [stderr]   checking whether /usr/bin/gcc -std=gnu99 accepts -g... yes
[INFO] [stderr]   checking for c++... /usr/bin/g++ -std=gnu++11
[INFO] [stderr]   checking whether the C++ compiler (/usr/bin/g++ -std=gnu++11  ) works... yes
[INFO] [stderr]   checking whether the C++ compiler (/usr/bin/g++ -std=gnu++11  ) is a cross-compiler... no
[INFO] [stderr]   checking whether we are using GNU C++... yes
[INFO] [stderr]   checking whether /usr/bin/g++ -std=gnu++11 accepts -g... yes
[INFO] [stderr]   checking for ranlib... ranlib
[INFO] [stderr]   checking for as... /usr/bin/as
[INFO] [stderr]   checking for ar... ar
[INFO] [stderr]   checking for ld... ld
[INFO] [stderr]   checking for strip... strip
[INFO] [stderr]   checking for windres... no
[INFO] [stderr]   checking how to run the C preprocessor... gcc -E
[INFO] [stderr]   checking how to run the C++ preprocessor... /usr/bin/g++ -std=gnu++11 -E
[INFO] [stderr]   checking for sb-conf... no
[INFO] [stderr]   checking for ve... no
[INFO] [stderr]   checking for gmake... no
[INFO] [stderr]   checking for make... /usr/bin/make
[INFO] [stderr]   checking for X... libraries , headers 
[INFO] [stderr]   checking for dnet_ntoa in -ldnet... no
[INFO] [stderr]   checking for dnet_ntoa in -ldnet_stub... no
[INFO] [stderr]   checking for gethostbyname... yes
[INFO] [stderr]   checking for connect... yes
[INFO] [stderr]   checking for remove... yes
[INFO] [stderr]   checking for shmat... yes
[INFO] [stderr]   checking for IceConnectionNumber in -lICE... yes
[INFO] [stderr]   checking that static assertion macros used in autoconf tests work... yes
[INFO] [stderr]   checking for --noexecstack option to as... yes
[INFO] [stderr]   checking for -z noexecstack option to ld... yes
[INFO] [stderr]   checking for -z text option to ld... yes
[INFO] [stderr]   checking for --build-id option to ld... yes
[INFO] [stderr]   checking whether the C compiler supports -Wclass-varargs... no
[INFO] [stderr]   checking whether the C compiler supports -Wloop-analysis... no
[INFO] [stderr]   checking whether the C compiler supports -Wstring-conversion... no
[INFO] [stderr]   checking whether the C compiler supports -Wthread-safety... no
[INFO] [stderr]   checking whether the C compiler supports -Wno-error=maybe-uninitialized... yes
[INFO] [stderr]   checking whether the C compiler supports -Wno-error=deprecated-declarations... yes
[INFO] [stderr]   checking whether the C compiler supports -Wno-error=array-bounds... yes
[INFO] [stderr]   checking whether the C++ compiler supports -Wc++11-compat-pedantic... no
[INFO] [stderr]   checking whether the C++ compiler supports -Wc++14-compat... yes
[INFO] [stderr]   checking whether the C++ compiler supports -Wc++14-compat-pedantic... no
[INFO] [stderr]   checking whether the C++ compiler supports -Wc++1z-compat... yes
[INFO] [stderr]   checking whether the C++ compiler supports -Wclass-varargs... no
[INFO] [stderr]   checking whether the C++ compiler supports -Wimplicit-fallthrough... yes
[INFO] [stderr]   checking whether the C++ compiler supports -Wloop-analysis... no
[INFO] [stderr]   checking whether the C++ compiler supports -Wstring-conversion... no
[INFO] [stderr]   checking whether the C++ compiler supports -Wthread-safety... no
[INFO] [stderr]   checking whether the C++ compiler supports -Wno-inline-new-delete... no
[INFO] [stderr]   checking whether the C++ compiler supports -Wno-error=maybe-uninitialized... yes
[INFO] [stderr]   checking whether the C++ compiler supports -Wno-error=deprecated-declarations... yes
[INFO] [stderr]   checking whether the C++ compiler supports -Wno-error=array-bounds... yes
[INFO] [stderr]   checking for 64-bit OS... yes
[INFO] [stderr]   checking whether the C++ compiler (/usr/bin/g++ -std=gnu++11  -fno-rtti  -Wl,-z,noexecstack -Wl,-z,text -Wl,--build-id) actually is a C++ compiler... yes
[INFO] [stderr]   checking for ANSI C header files... yes
[INFO] [stderr]   checking for working const... yes
[INFO] [stderr]   checking for mode_t... yes
[INFO] [stderr]   checking for off_t... yes
[INFO] [stderr]   checking for pid_t... yes
[INFO] [stderr]   checking for size_t... yes
[INFO] [stderr]   checking for ssize_t... yes
[INFO] [stderr]   checking for endian.h... yes
[INFO] [stderr]   checking for machine/endian.h... no
[INFO] [stderr]   checking for sys/isa_defs.h... no
[INFO] [stderr]   checking whether 64-bits std::atomic requires -latomic... no
[INFO] [stderr]   checking for dirent.h that defines DIR... yes
[INFO] [stderr]   checking for opendir in -ldir... no
[INFO] [stderr]   checking for sys/byteorder.h... no
[INFO] [stderr]   checking for compat.h... no
[INFO] [stderr]   checking for getopt.h... yes
[INFO] [stderr]   checking for sys/bitypes.h... yes
[INFO] [stderr]   checking for memory.h... yes
[INFO] [stderr]   checking for unistd.h... yes
[INFO] [stderr]   checking for gnu/libc-version.h... yes
[INFO] [stderr]   checking for nl_types.h... yes
[INFO] [stderr]   checking for malloc.h... yes
[INFO] [stderr]   checking for X11/XKBlib.h... yes
[INFO] [stderr]   checking for io.h... no
[INFO] [stderr]   checking for cpuid.h... yes
[INFO] [stderr]   checking for sys/statvfs.h... yes
[INFO] [stderr]   checking for sys/statfs.h... yes
[INFO] [stderr]   checking for sys/vfs.h... yes
[INFO] [stderr]   checking for sys/mount.h... yes
[INFO] [stderr]   checking for sys/quota.h... yes
[INFO] [stderr]   checking for linux/quota.h... yes
[INFO] [stderr]   checking for sys/cdefs.h... yes
[INFO] [stderr]   checking for linux/perf_event.h... yes
[INFO] [stderr]   checking for perf_event_open system call... yes
[INFO] [stderr]   checking for gethostbyname_r in -lc_r... no
[INFO] [stderr]   checking for library containing dlopen... -ldl
[INFO] [stderr]   checking for dlfcn.h... yes
[INFO] [stderr]   checking for socket in -lsocket... no
[INFO] [stderr]   checking for pthread_create in -lpthreads... no
[INFO] [stderr]   checking for pthread_create in -lpthread... yes
[INFO] [stderr]   checking whether /usr/bin/gcc -std=gnu99 accepts -pthread... yes
[INFO] [stderr]   checking whether /usr/bin/gcc -std=gnu99 needs -traditional... no
[INFO] [stderr]   checking for 8-bit clean memcmp... yes
[INFO] [stderr]   checking for getc_unlocked... yes
[INFO] [stderr]   checking for _getc_nolock... no
[INFO] [stderr]   checking for gmtime_r... yes
[INFO] [stderr]   checking for localtime_r... yes
[INFO] [stderr]   checking for clock_gettime(CLOCK_MONOTONIC)... 
[INFO] [stderr]   checking for sin in -lm... yes
[INFO] [stderr]   checking for __sincos in -lm... no
[INFO] [stderr]   checking for wcrtomb... yes
[INFO] [stderr]   checking for mbrtowc... yes
[INFO] [stderr]   checking for res_ninit()... yes
[INFO] [stderr]   checking for nl_langinfo and CODESET... yes
[INFO] [stderr]   checking for an implementation of va_copy()... yes
[INFO] [stderr]   checking whether va_list can be copied by value... no
[INFO] [stderr]   checking whether the C++ "using" keyword resolves ambiguity... yes
[INFO] [stderr]   checking for C++ dynamic_cast to void*... yes
[INFO] [stderr]   checking for __thread keyword for TLS variables... yes
[INFO] [stderr]   checking for __attribute__((always_inline))... yes
[INFO] [stderr]   checking for LC_MESSAGES... yes
[INFO] [stderr]   checking for localeconv... yes
[INFO] [stderr]   checking NSPR selection... posix-wrapper
[INFO] [stderr]   checking for gzread in -lz... yes
[INFO] [stderr]   checking for valid optimization flags... yes
[INFO] [stderr]   checking for __cxa_demangle... yes
[INFO] [stderr]   checking for -pipe support... yes
[INFO] [stderr]   checking whether C compiler supports -fprofile-generate... yes
[INFO] [stderr]   checking for tm_zone tm_gmtoff in struct tm... yes
[INFO] [stderr]   checking what kind of list files are supported by the linker... linkerscript
[INFO] [stderr]   checking what kind of ordering can be done with the linker... section-ordering-file
[INFO] [stderr]   checking for posix_fadvise... yes
[INFO] [stderr]   checking for posix_fallocate... yes
[INFO] [stderr]   checking for malloc.h... (cached) yes
[INFO] [stderr]   checking for alloca.h... yes
[INFO] [stderr]   checking for strndup... yes
[INFO] [stderr]   checking for posix_memalign... yes
[INFO] [stderr]   checking for memalign... yes
[INFO] [stderr]   checking for malloc_usable_size... yes
[INFO] [stderr]   checking for malloc.h... (cached) yes
[INFO] [stderr]   checking whether malloc_usable_size definition can use const argument... no
[INFO] [stderr]   checking for valloc in malloc.h... yes
[INFO] [stderr]   checking for valloc in unistd.h... no
[INFO] [stderr]   checking for setlocale... yes
[INFO] [stderr]   checking for localeconv... (cached) yes
[INFO] [stderr]   updating cache ./config.cache
[INFO] [stderr]   creating ./config.data
[INFO] [stderr]   This file contains any messages produced by compilers while
[INFO] [stderr]   running configure, to aid debugging if configure makes a mistake.
[INFO] [stderr] 
[INFO] [stderr]   configure:841: checking host system type
[INFO] [stderr]   configure:862: checking target system type
[INFO] [stderr]   configure:880: checking build system type
[INFO] [stderr]   configure:2216: checking for gcc
[INFO] [stderr]   configure:2329: checking whether the C compiler (/usr/bin/gcc -std=gnu99  ) works
[INFO] [stderr]   configure:2345: /usr/bin/gcc -std=gnu99 -o conftest    conftest.c  1>&5
[INFO] [stderr]   configure:2342:1: warning: return type defaults to 'int' [-Wimplicit-int]
[INFO] [stderr]   configure:2371: checking whether the C compiler (/usr/bin/gcc -std=gnu99  ) is a cross-compiler
[INFO] [stderr]   configure:2376: checking whether we are using GNU C
[INFO] [stderr]   configure:2385: /usr/bin/gcc -std=gnu99 -E conftest.c
[INFO] [stderr]   configure:2404: checking whether /usr/bin/gcc -std=gnu99 accepts -g
[INFO] [stderr]   configure:2440: checking for c++
[INFO] [stderr]   configure:2472: checking whether the C++ compiler (/usr/bin/g++ -std=gnu++11  ) works
[INFO] [stderr]   configure:2488: /usr/bin/g++ -std=gnu++11 -o conftest    conftest.C  1>&5
[INFO] [stderr]   configure:2514: checking whether the C++ compiler (/usr/bin/g++ -std=gnu++11  ) is a cross-compiler
[INFO] [stderr]   configure:2519: checking whether we are using GNU C++
[INFO] [stderr]   configure:2528: /usr/bin/g++ -std=gnu++11 -E conftest.C
[INFO] [stderr]   configure:2547: checking whether /usr/bin/g++ -std=gnu++11 accepts -g
[INFO] [stderr]   configure:2581: checking for ranlib
[INFO] [stderr]   configure:2613: checking for as
[INFO] [stderr]   configure:2667: checking for ar
[INFO] [stderr]   configure:2702: checking for ld
[INFO] [stderr]   configure:2737: checking for strip
[INFO] [stderr]   configure:2772: checking for windres
[INFO] [stderr]   configure:2862: checking how to run the C preprocessor
[INFO] [stderr]   configure:2942: checking how to run the C++ preprocessor
[INFO] [stderr]   configure:2960: /usr/bin/g++ -std=gnu++11 -E  conftest.C >/dev/null 2>conftest.out
[INFO] [stderr]   configure:3392: checking for sb-conf
[INFO] [stderr]   configure:3392: checking for ve
[INFO] [stderr]   configure:3588: checking for gmake
[INFO] [stderr]   configure:3588: checking for make
[INFO] [stderr]   configure:3655: checking for X
[INFO] [stderr]   configure:3722: gcc -E  conftest.c >/dev/null 2>conftest.out
[INFO] [stderr]   configure:3798: /usr/bin/gcc -std=gnu99 -o conftest    conftest.c -lXt  1>&5
[INFO] [stderr]   configure: In function 'main':
[INFO] [stderr]   configure:3794:1: warning: implicit declaration of function 'XtMalloc' [-Wimplicit-function-declaration]
[INFO] [stderr]   configure:3972: checking for dnet_ntoa in -ldnet
[INFO] [stderr]   configure:3991: /usr/bin/gcc -std=gnu99 -o conftest    conftest.c -ldnet   1>&5
[INFO] [stderr]   /usr/bin/ld: cannot find -ldnet
[INFO] [stderr]   collect2: error: ld returned 1 exit status
[INFO] [stderr]   configure: failed program was:
[INFO] [stderr]   #line 3980 "configure"
[INFO] [stderr]   #include "confdefs.h"
[INFO] [stderr]   /* Override any gcc2 internal prototype to avoid an error.  */
[INFO] [stderr]   /* We use char because int might match the return type of a gcc2
[INFO] [stderr]       builtin and then its argument prototype would still apply.  */
[INFO] [stderr]   char dnet_ntoa();
[INFO] [stderr] 
[INFO] [stderr]   int main() {
[INFO] [stderr]   dnet_ntoa()
[INFO] [stderr]   ; return 0; }
[INFO] [stderr]   configure:4013: checking for dnet_ntoa in -ldnet_stub
[INFO] [stderr]   configure:4032: /usr/bin/gcc -std=gnu99 -o conftest    conftest.c -ldnet_stub   1>&5
[INFO] [stderr]   /usr/bin/ld: cannot find -ldnet_stub
[INFO] [stderr]   collect2: error: ld returned 1 exit status
[INFO] [stderr]   configure: failed program was:
[INFO] [stderr]   #line 4021 "configure"
[INFO] [stderr]   #include "confdefs.h"
[INFO] [stderr]   /* Override any gcc2 internal prototype to avoid an error.  */
[INFO] [stderr]   /* We use char because int might match the return type of a gcc2
[INFO] [stderr]       builtin and then its argument prototype would still apply.  */
[INFO] [stderr]   char dnet_ntoa();
[INFO] [stderr] 
[INFO] [stderr]   int main() {
[INFO] [stderr]   dnet_ntoa()
[INFO] [stderr]   ; return 0; }
[INFO] [stderr]   configure:4061: checking for gethostbyname
[INFO] [stderr]   configure:4093: /usr/bin/gcc -std=gnu99 -o conftest    conftest.c  1>&5
[INFO] [stderr]   configure:4163: checking for connect
[INFO] [stderr]   configure:4195: /usr/bin/gcc -std=gnu99 -o conftest    conftest.c  1>&5
[INFO] [stderr]   configure:4259: checking for remove
[INFO] [stderr]   configure:4291: /usr/bin/gcc -std=gnu99 -o conftest    conftest.c  1>&5
[INFO] [stderr]   configure:4355: checking for shmat
[INFO] [stderr]   configure:4387: /usr/bin/gcc -std=gnu99 -o conftest    conftest.c  1>&5
[INFO] [stderr]   configure:4460: checking for IceConnectionNumber in -lICE
[INFO] [stderr]   configure:4479: /usr/bin/gcc -std=gnu99 -o conftest    conftest.c -lICE   1>&5
[INFO] [stderr]   configure:4710: /usr/bin/gcc -std=gnu99 -c   conftest.c 1>&5
[INFO] [stderr]   configure: In function 'main':
[INFO] [stderr]   configure:4706:15: error: '__thumb2__' undeclared (first use in this function)
[INFO] [stderr]   configure:4706:15: note: each undeclared identifier is reported only once for each function it appears in
[INFO] [stderr]   configure: failed program was:
[INFO] [stderr]   #line 4703 "configure"
[INFO] [stderr]   #include "confdefs.h"
[INFO] [stderr] 
[INFO] [stderr]   int main() {
[INFO] [stderr]   return sizeof(__thumb2__);
[INFO] [stderr]   ; return 0; }
[INFO] [stderr]   configure:4955: checking that static assertion macros used in autoconf tests work
[INFO] [stderr]   configure:4976: /usr/bin/gcc -std=gnu99 -c   conftest.c 1>&5
[INFO] [stderr]   configure:4993: /usr/bin/gcc -std=gnu99 -c   conftest.c 1>&5
[INFO] [stderr]   configure: In function 'main':
[INFO] [stderr]   configure:4990:68: error: size of array 'static_assert_line_4993' is negative
[INFO] [stderr]   configure:4989:55: note: in expansion of macro 'CONFIGURE_STATIC_ASSERT_IMPL2'
[INFO] [stderr]   configure:4988:44: note: in expansion of macro 'CONFIGURE_STATIC_ASSERT_IMPL'
[INFO] [stderr]   configure:4993:1: note: in expansion of macro 'CONFIGURE_STATIC_ASSERT'
[INFO] [stderr]   configure: failed program was:
[INFO] [stderr]   #line 4986 "configure"
[INFO] [stderr]   #include "confdefs.h"
[INFO] [stderr] 
[INFO] [stderr]   #define CONFIGURE_STATIC_ASSERT(condition) CONFIGURE_STATIC_ASSERT_IMPL(condition, __LINE__)
[INFO] [stderr]   #define CONFIGURE_STATIC_ASSERT_IMPL(condition, line) CONFIGURE_STATIC_ASSERT_IMPL2(condition, line)
[INFO] [stderr]   #define CONFIGURE_STATIC_ASSERT_IMPL2(condition, line) typedef int static_assert_line_##line[(condition) ? 1 : -1]
[INFO] [stderr] 
[INFO] [stderr]   int main() {
[INFO] [stderr]   CONFIGURE_STATIC_ASSERT(0)
[INFO] [stderr]   ; return 0; }
[INFO] [stderr]   configure:5016: /usr/bin/g++ -std=gnu++11 -c   conftest.C 1>&5
[INFO] [stderr]   configure:5033: /usr/bin/g++ -std=gnu++11 -c   conftest.C 1>&5
[INFO] [stderr]   configure: In function 'int main()':
[INFO] [stderr]   configure:5030:114: error: narrowing conversion of '-1' from 'int' to 'long unsigned int' [-Wnarrowing]
[INFO] [stderr]   configure:5029:55: note: in expansion of macro 'CONFIGURE_STATIC_ASSERT_IMPL2'
[INFO] [stderr]   configure:5028:44: note: in expansion of macro 'CONFIGURE_STATIC_ASSERT_IMPL'
[INFO] [stderr]   configure:5033:1: note: in expansion of macro 'CONFIGURE_STATIC_ASSERT'
[INFO] [stderr]   configure:5030:106: error: size '-1' of array 'static_assert_line_5033' is negative
[INFO] [stderr]   configure:5029:55: note: in expansion of macro 'CONFIGURE_STATIC_ASSERT_IMPL2'
[INFO] [stderr]   configure:5028:44: note: in expansion of macro 'CONFIGURE_STATIC_ASSERT_IMPL'
[INFO] [stderr]   configure:5033:1: note: in expansion of macro 'CONFIGURE_STATIC_ASSERT'
[INFO] [stderr]   configure: failed program was:
[INFO] [stderr]   #line 5026 "configure"
[INFO] [stderr]   #include "confdefs.h"
[INFO] [stderr] 
[INFO] [stderr]   #define CONFIGURE_STATIC_ASSERT(condition) CONFIGURE_STATIC_ASSERT_IMPL(condition, __LINE__)
[INFO] [stderr]   #define CONFIGURE_STATIC_ASSERT_IMPL(condition, line) CONFIGURE_STATIC_ASSERT_IMPL2(condition, line)
[INFO] [stderr]   #define CONFIGURE_STATIC_ASSERT_IMPL2(condition, line) typedef int static_assert_line_##line[(condition) ? 1 : -1]
[INFO] [stderr] 
[INFO] [stderr]   int main() {
[INFO] [stderr]   CONFIGURE_STATIC_ASSERT(0)
[INFO] [stderr]   ; return 0; }
[INFO] [stderr]   configure:5422: checking for --noexecstack option to as
[INFO] [stderr]   configure:5433: /usr/bin/gcc -std=gnu99 -c  -Wa,--noexecstack  conftest.c 1>&5
[INFO] [stderr]   configure:5446: checking for -z noexecstack option to ld
[INFO] [stderr]   configure:5457: /usr/bin/gcc -std=gnu99 -o conftest    -Wl,-z,noexecstack conftest.c  1>&5
[INFO] [stderr]   configure:5470: checking for -z text option to ld
[INFO] [stderr]   configure:5481: /usr/bin/gcc -std=gnu99 -o conftest    -Wl,-z,noexecstack -Wl,-z,text conftest.c  1>&5
[INFO] [stderr]   configure:5495: checking for --build-id option to ld
[INFO] [stderr]   configure:5506: /usr/bin/gcc -std=gnu99 -o conftest    -Wl,-z,noexecstack -Wl,-z,text -Wl,--build-id conftest.c  1>&5
[INFO] [stderr]   configure:5553: checking whether the C compiler supports -Wclass-varargs
[INFO] [stderr]   configure:5576: /usr/bin/gcc -std=gnu99 -c  -Werror -Wclass-varargs  conftest.c 1>&5
[INFO] [stderr]   gcc: error: unrecognized command line option '-Wclass-varargs'; did you mean '-Wno-varargs'?
[INFO] [stderr]   configure: failed program was:
[INFO] [stderr]   #line 5569 "configure"
[INFO] [stderr]   #include "confdefs.h"
[INFO] [stderr] 
[INFO] [stderr]   int main() {
[INFO] [stderr]   return(0);
[INFO] [stderr]   ; return 0; }
[INFO] [stderr]   configure:5604: checking whether the C compiler supports -Wloop-analysis
[INFO] [stderr]   configure:5627: /usr/bin/gcc -std=gnu99 -c  -Werror -Wloop-analysis  conftest.c 1>&5
[INFO] [stderr]   gcc: error: unrecognized command line option '-Wloop-analysis'
[INFO] [stderr]   configure: failed program was:
[INFO] [stderr]   #line 5620 "configure"
[INFO] [stderr]   #include "confdefs.h"
[INFO] [stderr] 
[INFO] [stderr]   int main() {
[INFO] [stderr]   return(0);
[INFO] [stderr]   ; return 0; }
[INFO] [stderr]   configure:5710: checking whether the C compiler supports -Wstring-conversion
[INFO] [stderr]   configure:5733: /usr/bin/gcc -std=gnu99 -c  -Werror -Wstring-conversion  conftest.c 1>&5
[INFO] [stderr]   gcc: error: unrecognized command line option '-Wstring-conversion'; did you mean '-Wsign-conversion'?
[INFO] [stderr]   configure: failed program was:
[INFO] [stderr]   #line 5726 "configure"
[INFO] [stderr]   #include "confdefs.h"
[INFO] [stderr] 
[INFO] [stderr]   int main() {
[INFO] [stderr]   return(0);
[INFO] [stderr]   ; return 0; }
[INFO] [stderr]   configure:5761: checking whether the C compiler supports -Wthread-safety
[INFO] [stderr]   configure:5784: /usr/bin/gcc -std=gnu99 -c  -Werror -Wthread-safety  conftest.c 1>&5
[INFO] [stderr]   gcc: error: unrecognized command line option '-Wthread-safety'
[INFO] [stderr]   configure: failed program was:
[INFO] [stderr]   #line 5777 "configure"
[INFO] [stderr]   #include "confdefs.h"
[INFO] [stderr] 
[INFO] [stderr]   int main() {
[INFO] [stderr]   return(0);
[INFO] [stderr]   ; return 0; }
[INFO] [stderr]   configure:5821: checking whether the C compiler supports -Wno-error=maybe-uninitialized
[INFO] [stderr]   configure:5844: /usr/bin/gcc -std=gnu99 -c  -Werror -Wno-error=maybe-uninitialized  conftest.c 1>&5
[INFO] [stderr]   configure:5872: checking whether the C compiler supports -Wno-error=deprecated-declarations
[INFO] [stderr]   configure:5895: /usr/bin/gcc -std=gnu99 -c  -Werror -Wno-error=deprecated-declarations  conftest.c 1>&5
[INFO] [stderr]   configure:5923: checking whether the C compiler supports -Wno-error=array-bounds
[INFO] [stderr]   configure:5946: /usr/bin/gcc -std=gnu99 -c  -Werror -Wno-error=array-bounds  conftest.c 1>&5
[INFO] [stderr]   configure:6139: checking whether the C++ compiler supports -Wc++11-compat-pedantic
[INFO] [stderr]   configure:6162: /usr/bin/g++ -std=gnu++11 -c  -Werror -Wc++11-compat-pedantic  conftest.C 1>&5
[INFO] [stderr]   g++: error: unrecognized command line option '-Wc++11-compat-pedantic'
[INFO] [stderr]   configure: failed program was:
[INFO] [stderr]   #line 6155 "configure"
[INFO] [stderr]   #include "confdefs.h"
[INFO] [stderr] 
[INFO] [stderr]   int main() {
[INFO] [stderr]   return(0);
[INFO] [stderr]   ; return 0; }
[INFO] [stderr]   configure:6190: checking whether the C++ compiler supports -Wc++14-compat
[INFO] [stderr]   configure:6213: /usr/bin/g++ -std=gnu++11 -c  -Werror -Wc++14-compat  conftest.C 1>&5
[INFO] [stderr]   configure:6241: checking whether the C++ compiler supports -Wc++14-compat-pedantic
[INFO] [stderr]   configure:6264: /usr/bin/g++ -std=gnu++11 -c  -Werror -Wc++14-compat-pedantic  conftest.C 1>&5
[INFO] [stderr]   g++: error: unrecognized command line option '-Wc++14-compat-pedantic'
[INFO] [stderr]   configure: failed program was:
[INFO] [stderr]   #line 6257 "configure"
[INFO] [stderr]   #include "confdefs.h"
[INFO] [stderr] 
[INFO] [stderr]   int main() {
[INFO] [stderr]   return(0);
[INFO] [stderr]   ; return 0; }
[INFO] [stderr]   configure:6292: checking whether the C++ compiler supports -Wc++1z-compat
[INFO] [stderr]   configure:6315: /usr/bin/g++ -std=gnu++11 -c  -Werror -Wc++1z-compat  conftest.C 1>&5
[INFO] [stderr]   configure:6343: checking whether the C++ compiler supports -Wclass-varargs
[INFO] [stderr]   configure:6366: /usr/bin/g++ -std=gnu++11 -c  -Werror -Wclass-varargs  conftest.C 1>&5
[INFO] [stderr]   g++: error: unrecognized command line option '-Wclass-varargs'; did you mean '-Wno-varargs'?
[INFO] [stderr]   configure: failed program was:
[INFO] [stderr]   #line 6359 "configure"
[INFO] [stderr]   #include "confdefs.h"
[INFO] [stderr] 
[INFO] [stderr]   int main() {
[INFO] [stderr]   return(0);
[INFO] [stderr]   ; return 0; }
[INFO] [stderr]   configure:6394: checking whether the C++ compiler supports -Wimplicit-fallthrough
[INFO] [stderr]   configure:6417: /usr/bin/g++ -std=gnu++11 -c  -Werror -Wimplicit-fallthrough  conftest.C 1>&5
[INFO] [stderr]   configure:6445: checking whether the C++ compiler supports -Wloop-analysis
[INFO] [stderr]   configure:6468: /usr/bin/g++ -std=gnu++11 -c  -Werror -Wloop-analysis  conftest.C 1>&5
[INFO] [stderr]   g++: error: unrecognized command line option '-Wloop-analysis'
[INFO] [stderr]   configure: failed program was:
[INFO] [stderr]   #line 6461 "configure"
[INFO] [stderr]   #include "confdefs.h"
[INFO] [stderr] 
[INFO] [stderr]   int main() {
[INFO] [stderr]   return(0);
[INFO] [stderr]   ; return 0; }
[INFO] [stderr]   configure:6551: checking whether the C++ compiler supports -Wstring-conversion
[INFO] [stderr]   configure:6574: /usr/bin/g++ -std=gnu++11 -c  -Werror -Wstring-conversion  conftest.C 1>&5
[INFO] [stderr]   g++: error: unrecognized command line option '-Wstring-conversion'; did you mean '-Wsign-conversion'?
[INFO] [stderr]   configure: failed program was:
[INFO] [stderr]   #line 6567 "configure"
[INFO] [stderr]   #include "confdefs.h"
[INFO] [stderr] 
[INFO] [stderr]   int main() {
[INFO] [stderr]   return(0);
[INFO] [stderr]   ; return 0; }
[INFO] [stderr]   configure:6602: checking whether the C++ compiler supports -Wthread-safety
[INFO] [stderr]   configure:6625: /usr/bin/g++ -std=gnu++11 -c  -Werror -Wthread-safety  conftest.C 1>&5
[INFO] [stderr]   g++: error: unrecognized command line option '-Wthread-safety'
[INFO] [stderr]   configure: failed program was:
[INFO] [stderr]   #line 6618 "configure"
[INFO] [stderr]   #include "confdefs.h"
[INFO] [stderr] 
[INFO] [stderr]   int main() {
[INFO] [stderr]   return(0);
[INFO] [stderr]   ; return 0; }
[INFO] [stderr]   configure:6660: checking whether the C++ compiler supports -Wno-inline-new-delete
[INFO] [stderr]   configure:6683: /usr/bin/g++ -std=gnu++11 -c  -Werror -Winline-new-delete  conftest.C 1>&5
[INFO] [stderr]   g++: error: unrecognized command line option '-Winline-new-delete'
[INFO] [stderr]   configure: failed program was:
[INFO] [stderr]   #line 6676 "configure"
[INFO] [stderr]   #include "confdefs.h"
[INFO] [stderr] 
[INFO] [stderr]   int main() {
[INFO] [stderr]   return(0);
[INFO] [stderr]   ; return 0; }
[INFO] [stderr]   configure:6718: checking whether the C++ compiler supports -Wno-error=maybe-uninitialized
[INFO] [stderr]   configure:6741: /usr/bin/g++ -std=gnu++11 -c  -Werror -Wno-error=maybe-uninitialized  conftest.C 1>&5
[INFO] [stderr]   configure:6769: checking whether the C++ compiler supports -Wno-error=deprecated-declarations
[INFO] [stderr]   configure:6792: /usr/bin/g++ -std=gnu++11 -c  -Werror -Wno-error=deprecated-declarations  conftest.C 1>&5
[INFO] [stderr]   configure:6820: checking whether the C++ compiler supports -Wno-error=array-bounds
[INFO] [stderr]   configure:6843: /usr/bin/g++ -std=gnu++11 -c  -Werror -Wno-error=array-bounds  conftest.C 1>&5
[INFO] [stderr]   configure:6993: checking for 64-bit OS
[INFO] [stderr]   configure:7002: /usr/bin/gcc -std=gnu99 -c   conftest.c 1>&5
[INFO] [stderr]   configure:7777: checking whether the C++ compiler (/usr/bin/g++ -std=gnu++11  -fno-rtti  -Wl,-z,noexecstack -Wl,-z,text -Wl,--build-id) actually is a C++ compiler
[INFO] [stderr]   configure:7796: /usr/bin/g++ -std=gnu++11 -o conftest  -fno-rtti   -Wl,-z,noexecstack -Wl,-z,text -Wl,--build-id conftest.C  1>&5
[INFO] [stderr]   configure:8039: checking for ANSI C header files
[INFO] [stderr]   configure:8052: gcc -E  conftest.c >/dev/null 2>conftest.out
[INFO] [stderr]   configure:8119: /usr/bin/gcc -std=gnu99 -o conftest  -fno-math-errno   -Wl,-z,noexecstack -Wl,-z,text -Wl,--build-id -B /opt/rustwide/target/debug/build/mozjs_sys-299664792cba0285/out/build/unix/gold conftest.c  1>&5
[INFO] [stderr]   configure: In function 'main':
[INFO] [stderr]   configure:8114:67: warning: implicit declaration of function 'exit' [-Wimplicit-function-declaration]
[INFO] [stderr]   configure:8114:67: warning: incompatible implicit declaration of built-in function 'exit'
[INFO] [stderr]   configure:8110:1: note: include '<stdlib.h>' or provide a declaration of 'exit'
[INFO] [stderr]   configure:8115:1: warning: incompatible implicit declaration of built-in function 'exit'
[INFO] [stderr]   configure:8115:1: note: include '<stdlib.h>' or provide a declaration of 'exit'
[INFO] [stderr]   configure:8146: checking for working const
[INFO] [stderr]   configure:8200: /usr/bin/gcc -std=gnu99 -c  -fno-math-errno  conftest.c 1>&5
[INFO] [stderr]   configure:8224: checking for mode_t
[INFO] [stderr]   configure:8260: checking for off_t
[INFO] [stderr]   configure:8296: checking for pid_t
[INFO] [stderr]   configure:8332: checking for size_t
[INFO] [stderr]   configure:8382: checking for ssize_t
[INFO] [stderr]   configure:8395: /usr/bin/gcc -std=gnu99 -c  -fno-math-errno  conftest.c 1>&5
[INFO] [stderr]   configure:8424: checking for endian.h
[INFO] [stderr]   configure:8437: /usr/bin/gcc -std=gnu99 -c  -fno-math-errno  conftest.c 1>&5
[INFO] [stderr]   configure:8480: checking for machine/endian.h
[INFO] [stderr]   configure:8493: /usr/bin/gcc -std=gnu99 -c  -fno-math-errno  conftest.c 1>&5
[INFO] [stderr]   configure:8487:10: fatal error: machine/endian.h: No such file or directory
[INFO] [stderr]   compilation terminated.
[INFO] [stderr]   configure: failed program was:
[INFO] [stderr]   #line 8485 "configure"
[INFO] [stderr]   #include "confdefs.h"
[INFO] [stderr]   #include <sys/types.h>
[INFO] [stderr]   #include <machine/endian.h>
[INFO] [stderr]   int main() {
[INFO] [stderr] 
[INFO] [stderr]   ; return 0; }
[INFO] [stderr]   configure:8536: checking for sys/isa_defs.h
[INFO] [stderr]   configure:8549: /usr/bin/gcc -std=gnu99 -c  -fno-math-errno  conftest.c 1>&5
[INFO] [stderr]   configure:8543:10: fatal error: sys/isa_defs.h: No such file or directory
[INFO] [stderr]   compilation terminated.
[INFO] [stderr]   configure: failed program was:
[INFO] [stderr]   #line 8541 "configure"
[INFO] [stderr]   #include "confdefs.h"
[INFO] [stderr] 
[INFO] [stderr]   #include <sys/isa_defs.h>
[INFO] [stderr]   int main() {
[INFO] [stderr] 
[INFO] [stderr]   ; return 0; }
[INFO] [stderr]   configure:8606: checking whether 64-bits std::atomic requires -latomic
[INFO] [stderr]   configure:8619: /usr/bin/g++ -std=gnu++11 -o conftest  -fno-rtti -fno-exceptions -fno-math-errno   -Wl,-z,noexecstack -Wl,-z,text -Wl,--build-id -B /opt/rustwide/target/debug/build/mozjs_sys-299664792cba0285/out/build/unix/gold conftest.C  1>&5
[INFO] [stderr]   configure:8714: checking for dirent.h that defines DIR
[INFO] [stderr]   configure:8727: /usr/bin/gcc -std=gnu99 -c  -fno-math-errno  conftest.c 1>&5
[INFO] [stderr]   configure:8755: checking for opendir in -ldir
[INFO] [stderr]   configure:8774: /usr/bin/gcc -std=gnu99 -o conftest  -fno-math-errno   -Wl,-z,noexecstack -Wl,-z,text -Wl,--build-id -B /opt/rustwide/target/debug/build/mozjs_sys-299664792cba0285/out/build/unix/gold conftest.c -ldir   1>&5
[INFO] [stderr]   /opt/rustwide/target/debug/build/mozjs_sys-299664792cba0285/out/build/unix/gold/ld: error: cannot find -ldir
[INFO] [stderr]   collect2: error: ld returned 1 exit status
[INFO] [stderr]   configure: failed program was:
[INFO] [stderr]   #line 8763 "configure"
[INFO] [stderr]   #include "confdefs.h"
[INFO] [stderr]   /* Override any gcc2 internal prototype to avoid an error.  */
[INFO] [stderr]   /* We use char because int might match the return type of a gcc2
[INFO] [stderr]       builtin and then its argument prototype would still apply.  */
[INFO] [stderr]   char opendir();
[INFO] [stderr] 
[INFO] [stderr]   int main() {
[INFO] [stderr]   opendir()
[INFO] [stderr]   ; return 0; }
[INFO] [stderr]   configure:8849: checking for sys/byteorder.h
[INFO] [stderr]   configure:8862: /usr/bin/gcc -std=gnu99 -c  -fno-math-errno  conftest.c 1>&5
[INFO] [stderr]   configure:8856:10: fatal error: sys/byteorder.h: No such file or directory
[INFO] [stderr]   compilation terminated.
[INFO] [stderr]   configure: failed program was:
[INFO] [stderr]   #line 8854 "configure"
[INFO] [stderr]   #include "confdefs.h"
[INFO] [stderr] 
[INFO] [stderr]   #include <sys/byteorder.h>
[INFO] [stderr]   int main() {
[INFO] [stderr] 
[INFO] [stderr]   ; return 0; }
[INFO] [stderr]   configure:8849: checking for compat.h
[INFO] [stderr]   configure:8862: /usr/bin/gcc -std=gnu99 -c  -fno-math-errno  conftest.c 1>&5
[INFO] [stderr]   configure:8856:10: fatal error: compat.h: No such file or directory
[INFO] [stderr]   compilation terminated.
[INFO] [stderr]   configure: failed program was:
[INFO] [stderr]   #line 8854 "configure"
[INFO] [stderr]   #include "confdefs.h"
[INFO] [stderr] 
[INFO] [stderr]   #include <compat.h>
[INFO] [stderr]   int main() {
[INFO] [stderr] 
[INFO] [stderr]   ; return 0; }
[INFO] [stderr]   configure:8849: checking for getopt.h
[INFO] [stderr]   configure:8862: /usr/bin/gcc -std=gnu99 -c  -fno-math-errno  conftest.c 1>&5
[INFO] [stderr]   configure:8849: checking for sys/bitypes.h
[INFO] [stderr]   configure:8862: /usr/bin/gcc -std=gnu99 -c  -fno-math-errno  conftest.c 1>&5
[INFO] [stderr]   configure:8849: checking for memory.h
[INFO] [stderr]   configure:8862: /usr/bin/gcc -std=gnu99 -c  -fno-math-errno  conftest.c 1>&5
[INFO] [stderr]   configure:8849: checking for unistd.h
[INFO] [stderr]   configure:8862: /usr/bin/gcc -std=gnu99 -c  -fno-math-errno  conftest.c 1>&5
[INFO] [stderr]   configure:8849: checking for gnu/libc-version.h
[INFO] [stderr]   configure:8862: /usr/bin/gcc -std=gnu99 -c  -fno-math-errno  conftest.c 1>&5
[INFO] [stderr]   configure:8849: checking for nl_types.h
[INFO] [stderr]   configure:8862: /usr/bin/gcc -std=gnu99 -c  -fno-math-errno  conftest.c 1>&5
[INFO] [stderr]   configure:8849: checking for malloc.h
[INFO] [stderr]   configure:8862: /usr/bin/gcc -std=gnu99 -c  -fno-math-errno  conftest.c 1>&5
[INFO] [stderr]   configure:8849: checking for X11/XKBlib.h
[INFO] [stderr]   configure:8862: /usr/bin/gcc -std=gnu99 -c  -fno-math-errno  conftest.c 1>&5
[INFO] [stderr]   configure:8849: checking for io.h
[INFO] [stderr]   configure:8862: /usr/bin/gcc -std=gnu99 -c  -fno-math-errno  conftest.c 1>&5
[INFO] [stderr]   configure:8856:10: fatal error: io.h: No such file or directory
[INFO] [stderr]   compilation terminated.
[INFO] [stderr]   configure: failed program was:
[INFO] [stderr]   #line 8854 "configure"
[INFO] [stderr]   #include "confdefs.h"
[INFO] [stderr] 
[INFO] [stderr]   #include <io.h>
[INFO] [stderr]   int main() {
[INFO] [stderr] 
[INFO] [stderr]   ; return 0; }
[INFO] [stderr]   configure:8849: checking for cpuid.h
[INFO] [stderr]   configure:8862: /usr/bin/gcc -std=gnu99 -c  -fno-math-errno  conftest.c 1>&5
[INFO] [stderr]   configure:8897: checking for sys/statvfs.h
[INFO] [stderr]   configure:8910: /usr/bin/gcc -std=gnu99 -c  -fno-math-errno  conftest.c 1>&5
[INFO] [stderr]   configure:8897: checking for sys/statfs.h
[INFO] [stderr]   configure:8910: /usr/bin/gcc -std=gnu99 -c  -fno-math-errno  conftest.c 1>&5
[INFO] [stderr]   configure:8897: checking for sys/vfs.h
[INFO] [stderr]   configure:8910: /usr/bin/gcc -std=gnu99 -c  -fno-math-errno  conftest.c 1>&5
[INFO] [stderr]   configure:8897: checking for sys/mount.h
[INFO] [stderr]   configure:8910: /usr/bin/gcc -std=gnu99 -c  -fno-math-errno  conftest.c 1>&5
[INFO] [stderr]   configure:8944: checking for sys/quota.h
[INFO] [stderr]   configure:8957: /usr/bin/gcc -std=gnu99 -c  -fno-math-errno  conftest.c 1>&5
[INFO] [stderr]   configure:8990: checking for linux/quota.h
[INFO] [stderr]   configure:9003: /usr/bin/gcc -std=gnu99 -c  -fno-math-errno  conftest.c 1>&5
[INFO] [stderr]   configure:9099: checking for sys/cdefs.h
[INFO] [stderr]   configure:9112: /usr/bin/gcc -std=gnu99 -c  -fno-math-errno  conftest.c 1>&5
[INFO] [stderr]   configure:9162: checking for linux/perf_event.h
[INFO] [stderr]   configure:9175: /usr/bin/gcc -std=gnu99 -c  -fno-math-errno   conftest.c 1>&5
[INFO] [stderr]   configure:9190: checking for perf_event_open system call
[INFO] [stderr]   configure:9202: /usr/bin/gcc -std=gnu99 -c  -fno-math-errno   conftest.c 1>&5
[INFO] [stderr]   configure:9234: checking for gethostbyname_r in -lc_r
[INFO] [stderr]   configure:9253: /usr/bin/gcc -std=gnu99 -o conftest  -fno-math-errno   -Wl,-z,noexecstack -Wl,-z,text -Wl,--build-id -B /opt/rustwide/target/debug/build/mozjs_sys-299664792cba0285/out/build/unix/gold conftest.c -lc_r   1>&5
[INFO] [stderr]   /opt/rustwide/target/debug/build/mozjs_sys-299664792cba0285/out/build/unix/gold/ld: error: cannot find -lc_r
[INFO] [stderr]   collect2: error: ld returned 1 exit status
[INFO] [stderr]   configure: failed program was:
[INFO] [stderr]   #line 9242 "configure"
[INFO] [stderr]   #include "confdefs.h"
[INFO] [stderr]   /* Override any gcc2 internal prototype to avoid an error.  */
[INFO] [stderr]   /* We use char because int might match the return type of a gcc2
[INFO] [stderr]       builtin and then its argument prototype would still apply.  */
[INFO] [stderr]   char gethostbyname_r();
[INFO] [stderr] 
[INFO] [stderr]   int main() {
[INFO] [stderr]   gethostbyname_r()
[INFO] [stderr]   ; return 0; }
[INFO] [stderr]   configure:9290: checking for library containing dlopen
[INFO] [stderr]   configure:9308: /usr/bin/gcc -std=gnu99 -o conftest  -fno-math-errno   -Wl,-z,noexecstack -Wl,-z,text -Wl,--build-id -B /opt/rustwide/target/debug/build/mozjs_sys-299664792cba0285/out/build/unix/gold conftest.c  1>&5
[INFO] [stderr]   /tmp/ccmly4JV.o:conftest.c:function main: error: undefined reference to 'dlopen'
[INFO] [stderr]   collect2: error: ld returned 1 exit status
[INFO] [stderr]   configure: failed program was:
[INFO] [stderr]   #line 9297 "configure"
[INFO] [stderr]   #include "confdefs.h"
[INFO] [stderr]   /* Override any gcc2 internal prototype to avoid an error.  */
[INFO] [stderr]   /* We use char because int might match the return type of a gcc2
[INFO] [stderr]       builtin and then its argument prototype would still apply.  */
[INFO] [stderr]   char dlopen();
[INFO] [stderr] 
[INFO] [stderr]   int main() {
[INFO] [stderr]   dlopen()
[INFO] [stderr]   ; return 0; }
[INFO] [stderr]   configure:9330: /usr/bin/gcc -std=gnu99 -o conftest  -fno-math-errno   -Wl,-z,noexecstack -Wl,-z,text -Wl,--build-id -B /opt/rustwide/target/debug/build/mozjs_sys-299664792cba0285/out/build/unix/gold conftest.c -ldl   1>&5
[INFO] [stderr]   configure:9348: checking for dlfcn.h
[INFO] [stderr]   configure:9361: /usr/bin/gcc -std=gnu99 -c  -fno-math-errno  conftest.c 1>&5
[INFO] [stderr]   configure:9447: checking for socket in -lsocket
[INFO] [stderr]   configure:9466: /usr/bin/gcc -std=gnu99 -o conftest  -fno-math-errno   -Wl,-z,noexecstack -Wl,-z,text -Wl,--build-id -B /opt/rustwide/target/debug/build/mozjs_sys-299664792cba0285/out/build/unix/gold conftest.c -lsocket  -ldl  1>&5
[INFO] [stderr]   /opt/rustwide/target/debug/build/mozjs_sys-299664792cba0285/out/build/unix/gold/ld: error: cannot find -lsocket
[INFO] [stderr]   collect2: error: ld returned 1 exit status
[INFO] [stderr]   configure: failed program was:
[INFO] [stderr]   #line 9455 "configure"
[INFO] [stderr]   #include "confdefs.h"
[INFO] [stderr]   /* Override any gcc2 internal prototype to avoid an error.  */
[INFO] [stderr]   /* We use char because int might match the return type of a gcc2
[INFO] [stderr]       builtin and then its argument prototype would still apply.  */
[INFO] [stderr]   char socket();
[INFO] [stderr] 
[INFO] [stderr]   int main() {
[INFO] [stderr]   socket()
[INFO] [stderr]   ; return 0; }
[INFO] [stderr]   configure:9503: checking for pthread_create in -lpthreads
[INFO] [stderr]   configure:9522: /usr/bin/gcc -std=gnu99 -o conftest  -fno-math-errno   -Wl,-z,noexecstack -Wl,-z,text -Wl,--build-id -B /opt/rustwide/target/debug/build/mozjs_sys-299664792cba0285/out/build/unix/gold conftest.c -lpthreads  -ldl  1>&5
[INFO] [stderr]   /opt/rustwide/target/debug/build/mozjs_sys-299664792cba0285/out/build/unix/gold/ld: error: cannot find -lpthreads
[INFO] [stderr]   /tmp/cci2wy4X.o:conftest.c:function main: error: undefined reference to 'pthread_create'
[INFO] [stderr]   collect2: error: ld returned 1 exit status
[INFO] [stderr]   configure: failed program was:
[INFO] [stderr]   #line 9511 "configure"
[INFO] [stderr]   #include "confdefs.h"
[INFO] [stderr]   /* Override any gcc2 internal prototype to avoid an error.  */
[INFO] [stderr]   /* We use char because int might match the return type of a gcc2
[INFO] [stderr]       builtin and then its argument prototype would still apply.  */
[INFO] [stderr]   char pthread_create();
[INFO] [stderr] 
[INFO] [stderr]   int main() {
[INFO] [stderr]   pthread_create()
[INFO] [stderr]   ; return 0; }
[INFO] [stderr]   configure:9541: checking for pthread_create in -lpthread
[INFO] [stderr]   configure:9560: /usr/bin/gcc -std=gnu99 -o conftest  -fno-math-errno   -Wl,-z,noexecstack -Wl,-z,text -Wl,--build-id -B /opt/rustwide/target/debug/build/mozjs_sys-299664792cba0285/out/build/unix/gold conftest.c -lpthread  -ldl  1>&5
[INFO] [stderr]   configure:9691: checking whether /usr/bin/gcc -std=gnu99 accepts -pthread
[INFO] [stderr]   configure:9786: checking whether /usr/bin/gcc -std=gnu99 needs -traditional
[INFO] [stderr]   configure:9832: checking for 8-bit clean memcmp
[INFO] [stderr]   configure:9850: /usr/bin/gcc -std=gnu99 -o conftest  -fno-math-errno -pthread  -lpthread  -Wl,-z,noexecstack -Wl,-z,text -Wl,--build-id -B /opt/rustwide/target/debug/build/mozjs_sys-299664792cba0285/out/build/unix/gold conftest.c -ldl  1>&5
[INFO] [stderr]   configure:9842:1: warning: return type defaults to 'int' [-Wimplicit-int]
[INFO] [stderr]   configure: In function 'main':
[INFO] [stderr]   configure:9845:3: warning: implicit declaration of function 'exit' [-Wimplicit-function-declaration]
[INFO] [stderr]   configure:9845:3: warning: incompatible implicit declaration of built-in function 'exit'
[INFO] [stderr]   configure:9841:1: note: include '<stdlib.h>' or provide a declaration of 'exit'
[INFO] [stderr]   configure:9845:8: warning: implicit declaration of function 'memcmp' [-Wimplicit-function-declaration]
[INFO] [stderr]   configure:9845:25: warning: 'memcmp' argument 3 type is 'int' where 'long unsigned int' is expected in a call to built-in function declared without prototype [-Wbuiltin-declaration-mismatch]
[INFO] [stderr]   <built-in>: note: built-in 'memcmp' declared here
[INFO] [stderr]   configure:9845:52: warning: 'memcmp' argument 3 type is 'int' where 'long unsigned int' is expected in a call to built-in function declared without prototype [-Wbuiltin-declaration-mismatch]
[INFO] [stderr]   <built-in>: note: built-in 'memcmp' declared here
[INFO] [stderr]   configure:9870: checking for getc_unlocked
[INFO] [stderr]   configure:9902: /usr/bin/gcc -std=gnu99 -o conftest  -fno-math-errno -pthread  -lpthread  -Wl,-z,noexecstack -Wl,-z,text -Wl,--build-id -B /opt/rustwide/target/debug/build/mozjs_sys-299664792cba0285/out/build/unix/gold conftest.c -ldl  1>&5
[INFO] [stderr]   configure:9870: checking for _getc_nolock
[INFO] [stderr]   configure:9902: /usr/bin/gcc -std=gnu99 -o conftest  -fno-math-errno -pthread  -lpthread  -Wl,-z,noexecstack -Wl,-z,text -Wl,--build-id -B /opt/rustwide/target/debug/build/mozjs_sys-299664792cba0285/out/build/unix/gold conftest.c -ldl  1>&5
[INFO] [stderr]   /tmp/ccmCLOHw.o:conftest.c:function main: error: undefined reference to '_getc_nolock'
[INFO] [stderr]   collect2: error: ld returned 1 exit status
[INFO] [stderr]   configure: failed program was:
[INFO] [stderr]   #line 9875 "configure"
[INFO] [stderr]   #define _getc_nolock innocuous__getc_nolock
[INFO] [stderr]   #include "confdefs.h"
[INFO] [stderr]   #undef _getc_nolock
[INFO] [stderr]   /* System header to define __stub macros and hopefully few prototypes,
[INFO] [stderr]       which can conflict with char _getc_nolock(); below.  */
[INFO] [stderr]   #define _getc_nolock innocuous__getc_nolock
[INFO] [stderr]   #include <assert.h>
[INFO] [stderr]   #undef _getc_nolock
[INFO] [stderr]   /* Override any gcc2 internal prototype to avoid an error.  */
[INFO] [stderr]   /* We use char because int might match the return type of a gcc2
[INFO] [stderr]       builtin and then its argument prototype would still apply.  */
[INFO] [stderr]   char _getc_nolock();
[INFO] [stderr] 
[INFO] [stderr]   int main() {
[INFO] [stderr] 
[INFO] [stderr]   /* The GNU C library defines this for functions which it implements
[INFO] [stderr]       to always fail with ENOSYS.  Some functions are actually named
[INFO] [stderr]       something starting with __ and the normal name is an alias.  */
[INFO] [stderr]   #if defined (__stub__getc_nolock) || defined (__stub____getc_nolock)
[INFO] [stderr]   choke me
[INFO] [stderr]   #else
[INFO] [stderr]   _getc_nolock();
[INFO] [stderr]   #endif
[INFO] [stderr] 
[INFO] [stderr]   ; return 0; }
[INFO] [stderr]   configure:9870: checking for gmtime_r
[INFO] [stderr]   configure:9902: /usr/bin/gcc -std=gnu99 -o conftest  -fno-math-errno -pthread  -lpthread  -Wl,-z,noexecstack -Wl,-z,text -Wl,--build-id -B /opt/rustwide/target/debug/build/mozjs_sys-299664792cba0285/out/build/unix/gold conftest.c -ldl  1>&5
[INFO] [stderr]   configure:9870: checking for localtime_r
[INFO] [stderr]   configure:9902: /usr/bin/gcc -std=gnu99 -o conftest  -fno-math-errno -pthread  -lpthread  -Wl,-z,noexecstack -Wl,-z,text -Wl,--build-id -B /opt/rustwide/target/debug/build/mozjs_sys-299664792cba0285/out/build/unix/gold conftest.c -ldl  1>&5
[INFO] [stderr]   configure:9931: checking for clock_gettime(CLOCK_MONOTONIC)
[INFO] [stderr]   configure:9947: /usr/bin/gcc -std=gnu99 -o conftest  -fno-math-errno -pthread  -lpthread  -Wl,-z,noexecstack -Wl,-z,text -Wl,--build-id -B /opt/rustwide/target/debug/build/mozjs_sys-299664792cba0285/out/build/unix/gold conftest.c -ldl   1>&5
[INFO] [stderr]   configure:9979: checking for sin in -lm
[INFO] [stderr]   configure:9998: /usr/bin/gcc -std=gnu99 -o conftest  -fno-math-errno -pthread  -lpthread  -Wl,-z,noexecstack -Wl,-z,text -Wl,--build-id -B /opt/rustwide/target/debug/build/mozjs_sys-299664792cba0285/out/build/unix/gold conftest.c -lm  -ldl  1>&5
[INFO] [stderr]   configure:9991:6: warning: conflicting types for built-in function 'sin'; expected 'double(double)' [-Wbuiltin-declaration-mismatch]
[INFO] [stderr]   configure:9988:1: note: 'sin' is declared in header '<math.h>'
[INFO] [stderr]   configure:10029: checking for __sincos in -lm
[INFO] [stderr]   configure:10048: /usr/bin/gcc -std=gnu99 -o conftest  -fno-math-errno -pthread  -lpthread  -Wl,-z,noexecstack -Wl,-z,text -Wl,--build-id -B /opt/rustwide/target/debug/build/mozjs_sys-299664792cba0285/out/build/unix/gold conftest.c -lm  -lm -ldl  1>&5
[INFO] [stderr]   /tmp/ccexxcBG.o:conftest.c:function main: error: undefined reference to '__sincos'
[INFO] [stderr]   collect2: error: ld returned 1 exit status
[INFO] [stderr]   configure: failed program was:
[INFO] [stderr]   #line 10037 "configure"
[INFO] [stderr]   #include "confdefs.h"
[INFO] [stderr]   /* Override any gcc2 internal prototype to avoid an error.  */
[INFO] [stderr]   /* We use char because int might match the return type of a gcc2
[INFO] [stderr]       builtin and then its argument prototype would still apply.  */
[INFO] [stderr]   char __sincos();
[INFO] [stderr] 
[INFO] [stderr]   int main() {
[INFO] [stderr]   __sincos()
[INFO] [stderr]   ; return 0; }
[INFO] [stderr]   configure:10086: checking for wcrtomb
[INFO] [stderr]   configure:10098: /usr/bin/g++ -std=gnu++11 -o conftest  -fno-rtti -fno-exceptions -fno-math-errno -pthread  -lpthread  -Wl,-z,noexecstack -Wl,-z,text -Wl,--build-id -B /opt/rustwide/target/debug/build/mozjs_sys-299664792cba0285/out/build/unix/gold conftest.C -lm -ldl  1>&5
[INFO] [stderr]   configure:10121: checking for mbrtowc
[INFO] [stderr]   configure:10133: /usr/bin/g++ -std=gnu++11 -o conftest  -fno-rtti -fno-exceptions -fno-math-errno -pthread  -lpthread  -Wl,-z,noexecstack -Wl,-z,text -Wl,--build-id -B /opt/rustwide/target/debug/build/mozjs_sys-299664792cba0285/out/build/unix/gold conftest.C -lm -ldl  1>&5
[INFO] [stderr]   configure:10165: checking for res_ninit()
[INFO] [stderr]   configure:10188: /usr/bin/gcc -std=gnu99 -o conftest  -fno-math-errno -pthread  -lpthread  -Wl,-z,noexecstack -Wl,-z,text -Wl,--build-id -B /opt/rustwide/target/debug/build/mozjs_sys-299664792cba0285/out/build/unix/gold conftest.c -lm -ldl  1>&5
[INFO] [stderr]   In file included from /usr/include/x86_64-linux-gnu/sys/types.h:25,
[INFO] [stderr]                    from configure:10178:
[INFO] [stderr]   /usr/include/features.h:187:3: warning: #warning "_BSD_SOURCE and _SVID_SOURCE are deprecated, use _DEFAULT_SOURCE" [-Wcpp]
[INFO] [stderr]     187 | # warning "_BSD_SOURCE and _SVID_SOURCE are deprecated, use _DEFAULT_SOURCE"
[INFO] [stderr]         |   ^~~~~~~
[INFO] [stderr]   configure:10216: checking for nl_langinfo and CODESET
[INFO] [stderr]   configure:10228: /usr/bin/gcc -std=gnu99 -o conftest  -fno-math-errno -pthread  -lpthread  -Wl,-z,noexecstack -Wl,-z,text -Wl,--build-id -B /opt/rustwide/target/debug/build/mozjs_sys-299664792cba0285/out/build/unix/gold conftest.c -lm -ldl  1>&5
[INFO] [stderr]   configure:10264: checking for an implementation of va_copy()
[INFO] [stderr]   configure:10285: /usr/bin/gcc -std=gnu99 -c  -fno-math-errno -pthread  conftest.c 1>&5
[INFO] [stderr]   configure:10301: checking whether va_list can be copied by value
[INFO] [stderr]   configure:10322: /usr/bin/gcc -std=gnu99 -c  -fno-math-errno -pthread  conftest.c 1>&5
[INFO] [stderr]   configure: In function 'f':
[INFO] [stderr]   configure:10312:19: error: assignment to expression with array type
[INFO] [stderr]   configure: failed program was:
[INFO] [stderr]   #line 10306 "configure"
[INFO] [stderr]   #include "confdefs.h"
[INFO] [stderr]   #include <stdarg.h>
[INFO] [stderr]                        #include <stdlib.h>
[INFO] [stderr]           void f (int i, ...) {
[INFO] [stderr]               va_list args1, args2;
[INFO] [stderr]               va_start (args1, i);
[INFO] [stderr]               args2 = args1;
[INFO] [stderr]               if (va_arg (args2, int) != 42 || va_arg (args1, int) != 42)
[INFO] [stderr]                   exit (1);
[INFO] [stderr]               va_end (args1); va_end (args2);
[INFO] [stderr]           }
[INFO] [stderr]   int main() {
[INFO] [stderr]   f(0, 42); return 0
[INFO] [stderr]   ; return 0; }
[INFO] [stderr]   configure:10418: checking whether the C++ "using" keyword resolves ambiguity
[INFO] [stderr]   configure:10439: /usr/bin/g++ -std=gnu++11 -c  -fno-rtti -fno-exceptions -fno-math-errno -pthread  conftest.C 1>&5
[INFO] [stderr]   configure:10463: checking for C++ dynamic_cast to void*
[INFO] [stderr]   configure:10490: /usr/bin/g++ -std=gnu++11 -o conftest  -fno-rtti -fno-exceptions -fno-math-errno -pthread  -lpthread  -Wl,-z,noexecstack -Wl,-z,text -Wl,--build-id -B /opt/rustwide/target/debug/build/mozjs_sys-299664792cba0285/out/build/unix/gold conftest.C -lm -ldl  1>&5
[INFO] [stderr]   configure:10523: checking for __thread keyword for TLS variables
[INFO] [stderr]   configure:10535: /usr/bin/g++ -std=gnu++11 -o conftest  -fno-rtti -fno-exceptions -fno-math-errno -pthread  -lpthread  -Wl,-z,noexecstack -Wl,-z,text -Wl,--build-id -B /opt/rustwide/target/debug/build/mozjs_sys-299664792cba0285/out/build/unix/gold -fPIC -shared -Wl,-z,defs  conftest.C -lm -ldl  1>&5
[INFO] [stderr]   configure:10573: checking for __attribute__((always_inline))
[INFO] [stderr]   configure:10585: /usr/bin/g++ -std=gnu++11 -c  -fno-rtti -fno-exceptions -fno-math-errno -pthread  conftest.C 1>&5
[INFO] [stderr]   configure:10609: checking for LC_MESSAGES
[INFO] [stderr]   configure:10621: /usr/bin/gcc -std=gnu99 -c  -fno-math-errno -pthread  conftest.c 1>&5
[INFO] [stderr]   configure:10647: checking for localeconv
[INFO] [stderr]   configure:10679: /usr/bin/gcc -std=gnu99 -o conftest  -fno-math-errno -pthread  -lpthread  -Wl,-z,noexecstack -Wl,-z,text -Wl,--build-id -B /opt/rustwide/target/debug/build/mozjs_sys-299664792cba0285/out/build/unix/gold conftest.c -lm -ldl  1>&5
[INFO] [stderr]   configure:10819: checking NSPR selection
[INFO] [stderr]   configure:11144: checking for gzread in -lz
[INFO] [stderr]   configure:11163: /usr/bin/gcc -std=gnu99 -o conftest  -fno-math-errno -pthread  -lpthread  -Wl,-z,noexecstack -Wl,-z,text -Wl,--build-id -B /opt/rustwide/target/debug/build/mozjs_sys-299664792cba0285/out/build/unix/gold conftest.c -lz  -lm -ldl  1>&5
[INFO] [stderr]   configure:11198: /usr/bin/gcc -std=gnu99 -c  -fno-math-errno -pthread  conftest.c 1>&5
[INFO] [stderr]   configure:11448: checking for valid optimization flags
[INFO] [stderr]   configure:11459: /usr/bin/gcc -std=gnu99 -c  -fno-math-errno -pthread -freorder-blocks -O3  conftest.c 1>&5
[INFO] [stderr]   configure:12236: checking for __cxa_demangle
[INFO] [stderr]   configure:12271: /usr/bin/g++ -std=gnu++11 -o conftest  -fno-rtti -fno-exceptions -fno-math-errno -pthread  -lpthread  -Wl,-z,noexecstack -Wl,-z,text -Wl,--build-id -B /opt/rustwide/target/debug/build/mozjs_sys-299664792cba0285/out/build/unix/gold conftest.C -lm -ldl  1>&5
[INFO] [stderr]   configure:12332: checking for -pipe support
[INFO] [stderr]   configure:12346: checking whether C compiler supports -fprofile-generate
[INFO] [stderr]   configure:12355: /usr/bin/gcc -std=gnu99 -c  -fno-math-errno -pthread -pipe -fprofile-generate -fprofile-correction  conftest.c 1>&5
[INFO] [stderr]   configure:12390: checking for tm_zone tm_gmtoff in struct tm
[INFO] [stderr]   configure:12402: /usr/bin/g++ -std=gnu++11 -c  -fno-rtti -fno-exceptions -fno-math-errno -pthread -pipe  conftest.C 1>&5
[INFO] [stderr]   configure:12444: checking what kind of list files are supported by the linker
[INFO] [stderr]   configure:12449: /usr/bin/gcc -std=gnu99 -o conftest.o -c  -fno-math-errno -pthread -pipe  conftest.c 1>&5
[INFO] [stderr]   configure:12451: /usr/bin/gcc -std=gnu99 -o conftest -lpthread  -Wl,-z,noexecstack -Wl,-z,text -Wl,--build-id -B /opt/rustwide/target/debug/build/mozjs_sys-299664792cba0285/out/build/unix/gold conftest.list -lm -ldl  1>&5
[INFO] [stderr]   configure:12477: checking what kind of ordering can be done with the linker
[INFO] [stderr]   configure:12492: /usr/bin/gcc -std=gnu99 -o conftest  -fno-math-errno -pthread -pipe  -lpthread  -Wl,-z,noexecstack -Wl,-z,text -Wl,--build-id -B /opt/rustwide/target/debug/build/mozjs_sys-299664792cba0285/out/build/unix/gold -Wl,--section-ordering-file,conftest.order conftest.c -lm -ldl  1>&5
[INFO] [stderr]   configure:12808: checking for posix_fadvise
[INFO] [stderr]   configure:12840: /usr/bin/gcc -std=gnu99 -o conftest -Wall -Wempty-body -Wignored-qualifiers -Wpointer-arith -Wsign-compare -Wtype-limits -Wunreachable-code -Wno-error=maybe-uninitialized -Wno-error=deprecated-declarations -Wno-error=array-bounds -fno-math-errno -pthread -pipe  -lpthread  -Wl,-z,noexecstack -Wl,-z,text -Wl,--build-id -B /opt/rustwide/target/debug/build/mozjs_sys-299664792cba0285/out/build/unix/gold conftest.c -lm -ldl  1>&5
[INFO] [stderr]   configure:12808: checking for posix_fallocate
[INFO] [stderr]   configure:12840: /usr/bin/gcc -std=gnu99 -o conftest -Wall -Wempty-body -Wignored-qualifiers -Wpointer-arith -Wsign-compare -Wtype-limits -Wunreachable-code -Wno-error=maybe-uninitialized -Wno-error=deprecated-declarations -Wno-error=array-bounds -fno-math-errno -pthread -pipe  -lpthread  -Wl,-z,noexecstack -Wl,-z,text -Wl,--build-id -B /opt/rustwide/target/debug/build/mozjs_sys-299664792cba0285/out/build/unix/gold conftest.c -lm -ldl  1>&5
[INFO] [stderr]   configure:13086: checking for malloc.h
[INFO] [stderr]   configure:13135: checking for alloca.h
[INFO] [stderr]   configure:13148: /usr/bin/gcc -std=gnu99 -c -Wall -Wempty-body -Wignored-qualifiers -Wpointer-arith -Wsign-compare -Wtype-limits -Wunreachable-code -Wno-error=maybe-uninitialized -Wno-error=deprecated-declarations -Wno-error=array-bounds -fno-math-errno -pthread -pipe  conftest.c 1>&5
[INFO] [stderr]   configure:13181: checking for strndup
[INFO] [stderr]   configure:13213: /usr/bin/gcc -std=gnu99 -o conftest -Wall -Wempty-body -Wignored-qualifiers -Wpointer-arith -Wsign-compare -Wtype-limits -Wunreachable-code -Wno-error=maybe-uninitialized -Wno-error=deprecated-declarations -Wno-error=array-bounds -fno-math-errno -pthread -pipe  -lpthread  -Wl,-z,noexecstack -Wl,-z,text -Wl,--build-id -B /opt/rustwide/target/debug/build/mozjs_sys-299664792cba0285/out/build/unix/gold conftest.c -lm -ldl  1>&5
[INFO] [stderr]   configure:13197:6: warning: conflicting types for built-in function 'strndup'; expected 'char *(const char *, long unsigned int)' [-Wbuiltin-declaration-mismatch]
[INFO] [stderr]   configure:13181: checking for posix_memalign
[INFO] [stderr]   configure:13213: /usr/bin/gcc -std=gnu99 -o conftest -Wall -Wempty-body -Wignored-qualifiers -Wpointer-arith -Wsign-compare -Wtype-limits -Wunreachable-code -Wno-error=maybe-uninitialized -Wno-error=deprecated-declarations -Wno-error=array-bounds -fno-math-errno -pthread -pipe  -lpthread  -Wl,-z,noexecstack -Wl,-z,text -Wl,--build-id -B /opt/rustwide/target/debug/build/mozjs_sys-299664792cba0285/out/build/unix/gold conftest.c -lm -ldl  1>&5
[INFO] [stderr]   configure:13197:6: warning: conflicting types for built-in function 'posix_memalign'; expected 'int(void **, long unsigned int,  long unsigned int)' [-Wbuiltin-declaration-mismatch]
[INFO] [stderr]   configure:13181: checking for memalign
[INFO] [stderr]   configure:13213: /usr/bin/gcc -std=gnu99 -o conftest -Wall -Wempty-body -Wignored-qualifiers -Wpointer-arith -Wsign-compare -Wtype-limits -Wunreachable-code -Wno-error=maybe-uninitialized -Wno-error=deprecated-declarations -Wno-error=array-bounds -fno-math-errno -pthread -pipe  -lpthread  -Wl,-z,noexecstack -Wl,-z,text -Wl,--build-id -B /opt/rustwide/target/debug/build/mozjs_sys-299664792cba0285/out/build/unix/gold conftest.c -lm -ldl  1>&5
[INFO] [stderr]   configure:13244: checking for malloc_usable_size
[INFO] [stderr]   configure:13276: /usr/bin/gcc -std=gnu99 -o conftest -Wall -Wempty-body -Wignored-qualifiers -Wpointer-arith -Wsign-compare -Wtype-limits -Wunreachable-code -Wno-error=maybe-uninitialized -Wno-error=deprecated-declarations -Wno-error=array-bounds -fno-math-errno -pthread -pipe  -lpthread  -Wl,-z,noexecstack -Wl,-z,text -Wl,--build-id -B /opt/rustwide/target/debug/build/mozjs_sys-299664792cba0285/out/build/unix/gold conftest.c -lm -ldl  1>&5
[INFO] [stderr]   configure:13308: checking for malloc.h
[INFO] [stderr]   configure:13344: checking whether malloc_usable_size definition can use const argument
[INFO] [stderr]   configure:13355: /usr/bin/gcc -std=gnu99 -c -Wall -Wempty-body -Wignored-qualifiers -Wpointer-arith -Wsign-compare -Wtype-limits -Wunreachable-code -Wno-error=maybe-uninitialized -Wno-error=deprecated-declarations -Wno-error=array-bounds -fno-math-errno -pthread -pipe  conftest.c 1>&5
[INFO] [stderr]   configure:13349:26: error: conflicting types for 'malloc_usable_size'
[INFO] [stderr]   In file included from configure:13347:
[INFO] [stderr]   /usr/include/malloc.h:136:15: note: previous declaration of 'malloc_usable_size' was here
[INFO] [stderr]     136 | extern size_t malloc_usable_size (void *__ptr) __THROW;
[INFO] [stderr]         |               ^~~~~~~~~~~~~~~~~~
[INFO] [stderr]   configure: failed program was:
[INFO] [stderr]   #line 13346 "configure"
[INFO] [stderr]   #include "confdefs.h"
[INFO] [stderr]   #include <malloc.h>
[INFO] [stderr]                     #include <stddef.h>
[INFO] [stderr]                     size_t malloc_usable_size(const void *ptr);
[INFO] [stderr]   int main() {
[INFO] [stderr]   return malloc_usable_size(0);
[INFO] [stderr]   ; return 0; }
[INFO] [stderr]   configure:13384: checking for valloc in malloc.h
[INFO] [stderr]   configure:13409: checking for valloc in unistd.h
[INFO] [stderr]   configure:13439: checking for setlocale
[INFO] [stderr]   configure:13471: /usr/bin/gcc -std=gnu99 -o conftest -Wall -Wempty-body -Wignored-qualifiers -Wpointer-arith -Wsign-compare -Wtype-limits -Wunreachable-code -Wno-error=maybe-uninitialized -Wno-error=deprecated-declarations -Wno-error=array-bounds -fno-math-errno -pthread -pipe  -lpthread  -Wl,-z,noexecstack -Wl,-z,text -Wl,--build-id -B /opt/rustwide/target/debug/build/mozjs_sys-299664792cba0285/out/build/unix/gold conftest.c -lm -ldl  1>&5
[INFO] [stderr]   configure:13439: checking for localeconv
[INFO] [stderr] 
[INFO] [stderr]   --- stderr
[INFO] [stderr]   touch: cannot touch '/opt/rustwide/cargo-home/git/checkouts/mozjs-fa11ffc7d4f1cc2d/834ce35/mozjs/js/src/configure': Read-only file system
[INFO] [stderr]   touch: cannot touch '/opt/rustwide/cargo-home/git/checkouts/mozjs-fa11ffc7d4f1cc2d/834ce35/mozjs/js/src/old-configure': Read-only file system
[INFO] [stderr]   Creating config.status
[INFO] [stderr]   Traceback (most recent call last):
[INFO] [stderr]     File "config.status", line 398, in <module>
[INFO] [stderr]       from mozbuild.config_status import config_status
[INFO] [stderr]     File "/opt/rustwide/cargo-home/git/checkouts/mozjs-fa11ffc7d4f1cc2d/834ce35/mozjs/build/mach_bootstrap.py", line 366, in __call__
[INFO] [stderr]       module = self._original_import(name, globals, locals, fromlist, level)
[INFO] [stderr]     File "/opt/rustwide/cargo-home/git/checkouts/mozjs-fa11ffc7d4f1cc2d/834ce35/mozjs/python/mozbuild/mozbuild/config_status.py", line 21, in <module>
[INFO] [stderr]       from mozbuild.base import MachCommandConditions
[INFO] [stderr]     File "/opt/rustwide/cargo-home/git/checkouts/mozjs-fa11ffc7d4f1cc2d/834ce35/mozjs/build/mach_bootstrap.py", line 366, in __call__
[INFO] [stderr]       module = self._original_import(name, globals, locals, fromlist, level)
[INFO] [stderr]     File "/opt/rustwide/cargo-home/git/checkouts/mozjs-fa11ffc7d4f1cc2d/834ce35/mozjs/python/mozbuild/mozbuild/base.py", line 17, in <module>
[INFO] [stderr]       from mach.mixin.process import ProcessExecutionMixin
[INFO] [stderr]     File "/opt/rustwide/cargo-home/git/checkouts/mozjs-fa11ffc7d4f1cc2d/834ce35/mozjs/build/mach_bootstrap.py", line 366, in __call__
[INFO] [stderr]       module = self._original_import(name, globals, locals, fromlist, level)
[INFO] [stderr]     File "/opt/rustwide/cargo-home/git/checkouts/mozjs-fa11ffc7d4f1cc2d/834ce35/mozjs/python/mach/mach/mixin/process.py", line 29, in <module>
[INFO] [stderr]       raise Exception('Could not detect environment shell!')
[INFO] [stderr]   Exception: Could not detect environment shell!
[INFO] [stderr]   make: *** [makefile.cargo:133: maybe-configure] Error 1
[INFO] [stderr]   thread 'main' panicked at 'assertion failed: result.success()', /opt/rustwide/cargo-home/git/checkouts/mozjs-fa11ffc7d4f1cc2d/834ce35/build.rs:43:5
[INFO] [stderr]   stack backtrace:
[INFO] [stderr]      0:     0x55bd15b958c0 - std::backtrace_rs::backtrace::libunwind::trace::hdcf4f90f85129e83
[INFO] [stderr]                                  at /rustc/ff34b919075f35a1787659e9c448a34b06bab8de/library/std/src/../../backtrace/src/backtrace/libunwind.rs:90:5
[INFO] [stderr]      1:     0x55bd15b958c0 - std::backtrace_rs::backtrace::trace_unsynchronized::h2669e30cb82f6732
[INFO] [stderr]                                  at /rustc/ff34b919075f35a1787659e9c448a34b06bab8de/library/std/src/../../backtrace/src/backtrace/mod.rs:66:5
[INFO] [stderr]      2:     0x55bd15b958c0 - std::sys_common::backtrace::_print_fmt::hfbda19e17f6db318
[INFO] [stderr]                                  at /rustc/ff34b919075f35a1787659e9c448a34b06bab8de/library/std/src/sys_common/backtrace.rs:67:5
[INFO] [stderr]      3:     0x55bd15b958c0 - <std::sys_common::backtrace::_print::DisplayBacktrace as core::fmt::Display>::fmt::h1a8751bf59281272
[INFO] [stderr]                                  at /rustc/ff34b919075f35a1787659e9c448a34b06bab8de/library/std/src/sys_common/backtrace.rs:46:22
[INFO] [stderr]      4:     0x55bd15bb30bf - core::fmt::write::h7aa6cd0067dca82a
[INFO] [stderr]                                  at /rustc/ff34b919075f35a1787659e9c448a34b06bab8de/library/core/src/fmt/mod.rs:1094:17
[INFO] [stderr]      5:     0x55bd15b93ef5 - std::io::Write::write_fmt::hd7dd3a1df9b6befb
[INFO] [stderr]                                  at /rustc/ff34b919075f35a1787659e9c448a34b06bab8de/library/std/src/io/mod.rs:1584:15
[INFO] [stderr]      6:     0x55bd15b976cb - std::sys_common::backtrace::_print::h551e9ec8a9fa8106
[INFO] [stderr]                                  at /rustc/ff34b919075f35a1787659e9c448a34b06bab8de/library/std/src/sys_common/backtrace.rs:49:5
[INFO] [stderr]      7:     0x55bd15b976cb - std::sys_common::backtrace::print::ha4b1c5e95fa040b3
[INFO] [stderr]                                  at /rustc/ff34b919075f35a1787659e9c448a34b06bab8de/library/std/src/sys_common/backtrace.rs:36:9
[INFO] [stderr]      8:     0x55bd15b976cb - std::panicking::default_hook::{{closure}}::h0b34c9ab7fb9f857
[INFO] [stderr]                                  at /rustc/ff34b919075f35a1787659e9c448a34b06bab8de/library/std/src/panicking.rs:208:50
[INFO] [stderr]      9:     0x55bd15b971ad - std::panicking::default_hook::h3067e8318decd17a
[INFO] [stderr]                                  at /rustc/ff34b919075f35a1787659e9c448a34b06bab8de/library/std/src/panicking.rs:225:9
[INFO] [stderr]     10:     0x55bd15b97c7d - std::panicking::rust_panic_with_hook::h81b8facc50f34daa
[INFO] [stderr]                                  at /rustc/ff34b919075f35a1787659e9c448a34b06bab8de/library/std/src/panicking.rs:591:17
[INFO] [stderr]     11:     0x55bd15b97847 - std::panicking::begin_panic_handler::{{closure}}::ha376ab85d95a000e
[INFO] [stderr]                                  at /rustc/ff34b919075f35a1787659e9c448a34b06bab8de/library/std/src/panicking.rs:495:13
[INFO] [stderr]     12:     0x55bd15b95d7c - std::sys_common::backtrace::__rust_end_short_backtrace::h6795c8afdd1a77e6
[INFO] [stderr]                                  at /rustc/ff34b919075f35a1787659e9c448a34b06bab8de/library/std/src/sys_common/backtrace.rs:141:18
[INFO] [stderr]     13:     0x55bd15b977d9 - rust_begin_unwind
[INFO] [stderr]                                  at /rustc/ff34b919075f35a1787659e9c448a34b06bab8de/library/std/src/panicking.rs:493:5
[INFO] [stderr]     14:     0x55bd15b73231 - core::panicking::panic_fmt::hbe99dddd3092ba3c
[INFO] [stderr]                                  at /rustc/ff34b919075f35a1787659e9c448a34b06bab8de/library/core/src/panicking.rs:92:14
[INFO] [stderr]     15:     0x55bd15b7317d - core::panicking::panic::h3de4db67bd397eb3
[INFO] [stderr]                                  at /rustc/ff34b919075f35a1787659e9c448a34b06bab8de/library/core/src/panicking.rs:50:5
[INFO] [stderr]     16:     0x55bd15b7b3f1 - build_script_build::main::hbbd4bb4441ad040b
[INFO] [stderr]                                  at /opt/rustwide/cargo-home/git/checkouts/mozjs-fa11ffc7d4f1cc2d/834ce35/build.rs:43:5
[INFO] [stderr]     17:     0x55bd15b76d7b - core::ops::function::FnOnce::call_once::h9166d50ccdd8a0a2
[INFO] [stderr]                                  at /rustc/ff34b919075f35a1787659e9c448a34b06bab8de/library/core/src/ops/function.rs:227:5
[INFO] [stderr]     18:     0x55bd15b7993e - std::sys_common::backtrace::__rust_begin_short_backtrace::h7c6508f1ec4d202f
[INFO] [stderr]                                  at /rustc/ff34b919075f35a1787659e9c448a34b06bab8de/library/std/src/sys_common/backtrace.rs:125:18
[INFO] [stderr]     19:     0x55bd15b817e1 - std::rt::lang_start::{{closure}}::h3ddf82a343bdb55e
[INFO] [stderr]                                  at /rustc/ff34b919075f35a1787659e9c448a34b06bab8de/library/std/src/rt.rs:49:18
[INFO] [stderr]     20:     0x55bd15b9807a - core::ops::function::impls::<impl core::ops::function::FnOnce<A> for &F>::call_once::h3b8c329143d7638a
[INFO] [stderr]                                  at /rustc/ff34b919075f35a1787659e9c448a34b06bab8de/library/core/src/ops/function.rs:259:13
[INFO] [stderr]     21:     0x55bd15b9807a - std::panicking::try::do_call::h4b72c261b4eefc1b
[INFO] [stderr]                                  at /rustc/ff34b919075f35a1787659e9c448a34b06bab8de/library/std/src/panicking.rs:379:40
[INFO] [stderr]     22:     0x55bd15b9807a - std::panicking::try::h703d31b7896cbd49
[INFO] [stderr]                                  at /rustc/ff34b919075f35a1787659e9c448a34b06bab8de/library/std/src/panicking.rs:343:19
[INFO] [stderr]     23:     0x55bd15b9807a - std::panic::catch_unwind::h37cad9b35388a915
[INFO] [stderr]                                  at /rustc/ff34b919075f35a1787659e9c448a34b06bab8de/library/std/src/panic.rs:431:14
[INFO] [stderr]     24:     0x55bd15b9807a - std::rt::lang_start_internal::hab5a8a909af4f90e
[INFO] [stderr]                                  at /rustc/ff34b919075f35a1787659e9c448a34b06bab8de/library/std/src/rt.rs:34:21
[INFO] [stderr]     25:     0x55bd15b817c0 - std::rt::lang_start::hc22e59005c519e56
[INFO] [stderr]                                  at /rustc/ff34b919075f35a1787659e9c448a34b06bab8de/library/std/src/rt.rs:48:5
[INFO] [stderr]     26:     0x55bd15b7ba7c - main
[INFO] [stderr]     27:     0x7fba666f30b3 - __libc_start_main
[INFO] [stderr]     28:     0x55bd15b7392e - _start
[INFO] [stderr]     29:                0x0 - <unknown>
[INFO] running `Command { std: "docker" "inspect" "4f9a2ed497fb859c67e346775474c11377d93d8db28d4b4e3a9826b0759bf39d", kill_on_drop: false }`
[INFO] running `Command { std: "docker" "rm" "-f" "4f9a2ed497fb859c67e346775474c11377d93d8db28d4b4e3a9826b0759bf39d", kill_on_drop: false }`
[INFO] [stdout] 4f9a2ed497fb859c67e346775474c11377d93d8db28d4b4e3a9826b0759bf39d
